?
1
What is the hundred thousands digit of 13594626?
5
What is the thousands digit of 241166?
1
What is the units digit of 667931?
1
What is the hundreds digit of 2937145?
1
What is the thousands digit of 859771?
9
What is the thousands digit of 446621?
6
What is the units digit of 993699?
9
What is the ten millions digit of 10233576?
1
What is the ten thousands digit of 3907837?
0
What is the tens digit of 203774?
7
What is the hundred thousands digit of 311581?
3
What is the hundreds digit of 5461111?
1
What is the thousands digit of 202140?
2
What is the ten millions digit of 13338981?
1
What is the units digit of 8843644?
4
What is the tens digit of 143035?
3
What is the hundred thousands digit of 196445?
1
What is the ten millions digit of 27630696?
2
What is the thousands digit of 802239?
2
What is the thousands digit of 1813885?
3
What is the thousands digit of 3624345?
4
What is the tens digit of 1605526?
2
What is the ten thousands digit of 33112?
3
What is the hundreds digit of 784656?
6
What is the units digit of 7215188?
8
What is the ten thousands digit of 1578878?
7
What is the millions digit of 2075120?
2
What is the units digit of 225368?
8
What is the ten millions digit of 24121408?
2
What is the hundred thousands digit of 1531711?
5
What is the thousands digit of 399712?
9
What is the units digit of 76843?
3
What is the units digit of 9265704?
4
What is the hundreds digit of 1064402?
4
What is the units digit of 572047?
7
What is the units digit of 7585132?
2
What is the ten thousands digit of 4019649?
1
What is the ten thousands digit of 14872725?
7
What is the ten thousands digit of 175288?
7
What is the millions digit of 23789232?
3
What is the hundred thousands digit of 216042?
2
What is the ten thousands digit of 3109724?
0
What is the thousands digit of 1820535?
0
What is the ten thousands digit of 864269?
6
What is the millions digit of 1005550?
1
What is the hundred thousands digit of 170062?
1
What is the thousands digit of 1787089?
7
What is the ten thousands digit of 7089502?
8
What is the hundred thousands digit of 781934?
7
What is the units digit of 228185?
5
What is the thousands digit of 929163?
9
What is the ten thousands digit of 5537304?
3
What is the tens digit of 11621?
2
What is the ten millions digit of 30357009?
3
What is the units digit of 724757?
7
What is the tens digit of 907008?
0
What is the millions digit of 1410691?
1
What is the hundreds digit of 4525381?
3
What is the hundreds digit of 33197845?
8
What is the hundreds digit of 184216?
2
What is the units digit of 1605216?
6
What is the hundreds digit of 277176?
1
What is the ten millions digit of 11333436?
1
What is the ten thousands digit of 77649?
7
What is the thousands digit of 11089215?
9
What is the hundred thousands digit of 1474171?
4
What is the tens digit of 187991?
9
What is the ten thousands digit of 6222718?
2
What is the units digit of 84399?
9
What is the hundreds digit of 586271?
2
What is the hundreds digit of 210056?
0
What is the hundreds digit of 2274223?
2
What is the tens digit of 726427?
2
What is the ten thousands digit of 64806?
6
What is the hundreds digit of 340098?
0
What is the tens digit of 377009?
0
What is the ten thousands digit of 1650790?
5
What is the hundreds digit of 1028561?
5
What is the units digit of 1282258?
8
What is the thousands digit of 104425?
4
What is the hundreds digit of 14145566?
5
What is the hundred thousands digit of 16622549?
6
What is the hundreds digit of 256816?
8
What is the millions digit of 2670331?
2
What is the hundreds digit of 13867220?
2
What is the units digit of 2424452?
2
What is the ten thousands digit of 766791?
6
What is the hundred thousands digit of 480519?
4
What is the units digit of 1159345?
5
What is the tens digit of 31498?
9
What is the tens digit of 15933038?
3
What is the hundreds digit of 4323612?
6
What is the tens digit of 1162040?
4
What is the tens digit of 332746?
4
What is the tens digit of 1717057?
5
What is the ten thousands digit of 6752753?
5
What is the tens digit of 530826?
2
What is the thousands digit of 1004985?
4
What is the millions digit of 1054609?
1
What is the tens digit of 2725302?
0
What is the tens digit of 2262031?
3
What is the hundreds digit of 333121?
1
What is the hundreds digit of 8210733?
7
What is the tens digit of 28565215?
1
What is the thousands digit of 6846252?
6
What is the hundred thousands digit of 6449618?
4
What is the thousands digit of 9969788?
9
What is the thousands digit of 815272?
5
What is the ten thousands digit of 7276720?
7
What is the tens digit of 279869?
6
What is the thousands digit of 486452?
6
What is the tens digit of 21442212?
1
What is the ten thousands digit of 1211390?
1
What is the tens digit of 590862?
6
What is the tens digit of 2117225?
2
What is the ten thousands digit of 2871635?
7
What is the hundreds digit of 786809?
8
What is the units digit of 2690069?
9
What is the hundreds digit of 2449644?
6
What is the hundred thousands digit of 7787299?
7
What is the units digit of 622989?
9
What is the millions digit of 6091324?
6
What is the tens digit of 15548409?
0
What is the units digit of 24179386?
6
What is the ten thousands digit of 64766?
6
What is the thousands digit of 85766?
5
What is the hundreds digit of 1938855?
8
What is the hundred thousands digit of 176241?
1
What is the millions digit of 3081896?
3
What is the hundred thousands digit of 693280?
6
What is the millions digit of 5156976?
5
What is the hundred thousands digit of 400733?
4
What is the hundred thousands digit of 1653590?
6
What is the thousands digit of 18288603?
8
What is the units digit of 605828?
8
What is the thousands digit of 70769?
0
What is the ten thousands digit of 38683?
3
What is the hundred thousands digit of 503186?
5
What is the thousands digit of 2290155?
0
What is the tens digit of 21825?
2
What is the hundred thousands digit of 2019718?
0
What is the hundreds digit of 2526722?
7
What is the hundreds digit of 2305094?
0
What is the ten thousands digit of 6307362?
0
What is the ten thousands digit of 470956?
7
What is the hundreds digit of 9972?
9
What is the millions digit of 42308535?
2
What is the tens digit of 6713539?
3
What is the tens digit of 122281?
8
What is the hundreds digit of 172102?
1
What is the units digit of 3984377?
7
What is the thousands digit of 3408388?
8
What is the thousands digit of 4331600?
1
What is the millions digit of 3776641?
3
What is the hundred thousands digit of 5920973?
9
What is the units digit of 981337?
7
What is the units digit of 238260?
0
What is the thousands digit of 214367?
4
What is the hundred thousands digit of 752852?
7
What is the ten thousands digit of 1590040?
9
What is the hundred thousands digit of 173213?
1
What is the thousands digit of 1448081?
8
What is the thousands digit of 3718156?
8
What is the ten thousands digit of 11366079?
6
What is the thousands digit of 4343971?
3
What is the hundred thousands digit of 1087178?
0
What is the tens digit of 3513985?
8
What is the units digit of 1128460?
0
What is the hundreds digit of 258094?
0
What is the hundreds digit of 8625724?
7
What is the hundreds digit of 22784199?
1
What is the thousands digit of 502200?
2
What is the tens digit of 1681434?
3
What is the units digit of 24423?
3
What is the hundreds digit of 231609?
6
What is the tens digit of 29883?
8
What is the ten thousands digit of 6273100?
7
What is the units digit of 1111144?
4
What is the thousands digit of 148887?
8
What is the hundreds digit of 163741?
7
What is the hundreds digit of 7113812?
8
What is the thousands digit of 425997?
5
What is the thousands digit of 9971991?
1
What is the units digit of 2707527?
7
What is the hundreds digit of 8675449?
4
What is the millions digit of 7532302?
7
What is the tens digit of 2178513?
1
What is the units digit of 110830?
0
What is the units digit of 945336?
6
What is the thousands digit of 1161355?
1
What is the thousands digit of 1230647?
0
What is the thousands digit of 668286?
8
What is the thousands digit of 462178?
2
What is the ten thousands digit of 1717479?
1
What is the hundreds digit of 2989337?
3
What is the thousands digit of 1122343?
2
What is the hundreds digit of 857593?
5